se 6.
-153140020
Convert -565d21 (base 16) to base 11.
-3216438
What is 123c7 (base 14) in base 8?
127173
-2899531 (base 12) to base 10
-8165557
Convert -122122012322 (base 4) to base 14.
-cc2bb4
Convert -10034531 (base 6) to base 2.
-1000101100011010111
12200201210 (base 3) to base 8
332707
Convert 101012102202 (base 3) to base 16.
31058
What is 7003473 (base 10) in base 9?
14153856
103411 (base 8) to base 6
424013
Convert -10211111202 (base 3) to base 5.
-4403313
What is -114b2 (base 14) in base 13?
-16216
112022213 (base 6) to base 4
13311330201
What is 456ed2 (base 16) in base 3?
22120011220122
What is -121322013 (base 4) in base 16?
-19e87
What is -173020 (base 8) in base 9?
-105361
What is 222012112211001 (base 3) in base 12?
47b750a
1204234 (base 8) to base 12
13aaa4
-8100393 (base 10) to base 9
-16215576
What is 26331016 (base 7) in base 5?
1104122320
1000202 (base 5) to base 14
59db
Convert 28407 (base 10) to base 9.
42863
What is -121012110110 (base 3) in base 10?
-318909
What is -2602576 (base 12) in base 11?
-4241816
What is -1000001011101010001 (base 2) in base 14?
-6d9cd
9b72 (base 15) to base 12
170a5
10102030332 (base 5) to base 8
46675233
What is e32c (base 16) in base 7?
331360
Convert -7137341 (base 9) to base 5.
-1433213302
21421a (base 15) to base 9
2872847
35063 (base 10) to base 13
12c62
319a9 (base 15) to base 6
3212510
Convert -2214505 (base 7) to base 2.
-1000010101000100111
Convert 122797 (base 10) to base 16.
1dfad
61381 (base 9) to base 15
be91
Convert 1101111000110111 (base 2) to base 14.
16a35
-1111010111011001010000 (base 2) to base 12
-1423014
What is -55311215 (base 6) in base 4?
-12110300123
Convert 23950a5 (base 13) to base 16.
a86412
What is 39479a (base 13) in base 11?
863649
Convert 10120212002000 (base 3) to base 14.
378a69
Convert 319f4 (base 16) to base 12.
99758
-450321 (base 7) to base 15
-187d0
What is -9980777 (base 10) in base 16?
-984b69
-302111102 (base 4) to base 2
-110010010101010010
Convert -13c (base 13) to base 7.
-433
What is 177398 (base 10) in base 12?
867b2
What is -123037 (base 15) in base 4?
-3110212102
-1153125 (base 7) to base 3
-21111102010
-2559228 (base 12) to base 6
-421121252
3a4ab (base 14) to base 2
100011000100000111
-49a61a (base 11) to base 16
-c0e0e
4612b (base 12) to base 14
260dd
What is -b48ab1 (base 13) in base 4?
-100011300111
2c24 (base 16) to base 4
2300210
What is -2790c3 (base 14) in base 6?
-45203535
-1d4a9 (base 14) to base 11
-51401
What is 33431 (base 13) in base 7?
535052
-178724 (base 10) to base 14
-491c0
What is -28b071 (base 13) in base 16?
-f3005
Convert 1014124 (base 5) to base 14.
6193
-1202663 (base 7) to base 9
-251808
Convert -246127 (base 9) to base 12.
-7215a
412123 (base 7) to base 14
1b913
What is 2b25a (base 14) in base 5?
11414423
What is 3412846 (base 9) in base 5?
432323403
What is -13414230 (base 5) in base 3?
-21001020200
-a44508 (base 12) to base 5
-1130011104
Convert 23030030110 (base 4) to base 5.
1222333044
What is 138674 (base 11) in base 6?
4345553
Convert 30dc4 (base 16) to base 12.
97998
What is -26455713 (base 9) in base 2?
-110001101100100111100001
Convert 4020112020 (base 5) to base 12.
2805a48
-1dd501 (base 15) to base 4
-11211003211
-c5b64 (base 14) to base 9
-806231
Convert -34031 (base 9) to base 8.
-54143
Convert -604200 (base 8) to base 4.
-300202000
What is -124541020 (base 6) in base 10?
-2470404
a39898 (base 11) to base 16
19719f
Convert -112332404 (base 5) to base 12.
-208098
What is -20212000101122 (base 3) in base 7?
-42645014
25c551 (base 14) to base 11
809aa0
-312220231 (base 4) to base 3
-102100222111
Convert -575561 (base 8) to base 7.
-1442541
What is -102222102001222 (base 3) in base 2?
-11000010010000111110001
Convert 1123100032 (base 5) to base 10.
2550017
What is 2122103011 (base 4) in base 6?
21313541
433bb (base 12) to base 11
6070a
What is -d061e (base 15) in base 9?
-1214602
2310482 (base 12) to base 10
6739874
-100111011000010010 (base 2) to base 15
-32bd3
-11100100101000000101101 (base 2) to base 14
-dd0285
Convert -1334004411 (base 5) to base 13.
-92aa4a
Convert 61265 (base 8) to base 16.
62b5
Convert -20423413 (base 5) to base 3.
-22122212012
Convert 1000060 (base 8) to base 12.
107894
Convert 326994 (base 10) to base 9.
547486
Convert 160737 (base 10) to base 13.
58215
-2a840 (base 11) to base 12
-21298
Convert -5a802 (base 11) to base 4.
-111112331
Convert 2514406 (base 7) to base 13.
b420b
What is -1364141 (base 7) in base 2?
-101100111001110110
-a09372 (base 12) to base 8
-11433306
94b88 (base 12) to base 4
233222120
Convert -1001101122011 (base 3) to base 5.
-120341002
What is 14691c3 (base 13) in base 5?
3131102243
Convert 594851 (base 11) to base 3.
1202221001201
333547 (base 8) to base 15
234e2
Convert 10001101101101101110011 (base 2) to base 13.
c67868
Convert 3964641 (base 10) to base 13.
a8a755
3003132240 (base 5) to base 14
adc510
Convert -966890 (base 12) to base 14.
-45ba0c
What is 449080 (base 14) in base 16?
238ca8
101203001 (base 5) to base 11
262222
-253591 (base 13) to base 5
-212033240
What is -4224440 (base 5) in base 13?
-261b4
Convert -10002121210 (base 3) to base 16.
-ee20
What is 48395 (base 11) in base 4?
101000233
What is 5046d0 (base 14) in base 4?
22103202032
What is b483a7 (base 13) in base 2?
10000000101011101101111
11804336 (base 9) to base 8
26054452
What is 203347 (base 8) in base 7?
400135
Convert 10101100010000010100010 (base 2) to base 10.
5644450
Convert -a8608 (base 13) to base 7.
-2404622
What is -94524 (base 11) in base 9?
-228826
What is 5254355 (base 6) in base 15?
50e2e
What is 2847400 (base 9) in base 12?
636969
-1147514 (base 10) to base 6
-40332322
Convert 11113313022 (base 4) to base 9.
2576033
Convert 3b40a (base 12) to base 9.
134181
Convert 41307 (base 12) to base 16.
14c77
-750396 (base 10) to base 12
-302310
Convert 101010022111011 (base 3) to base 2.
10100100001011000111110
-11012220103 (base 4) to base 9
-2458187
Convert -8ed53 (base 16) to base 7.
-4654444
Convert 161507 (base 9) to base 3.
12001120021
Convert -2325301 (base 7) to base 3.
-112212002001
211221200121202 (base 3) to base 5
11110303401
What is -1d5576 (base 15) in base 8?
-5363733
-181193 (base 11) to base 14
-73d2d
What is 11020220111 (base 3) in base 2?
10100011100110111
-514415 (base 8) to base 6
-3352113
What is -1013330021 (base 4) in base 5?
-33412130
-11110020221220 (base 3) to base 9
-4406856
Convert -2201220212111 (base 3) to base 7.
-15236644
Convert -24023244 (base 5) to base 10.
-220449
What is -44313 (base 9) in base 15?
-8ab0
Convert 113362 (base 7) to base 6.
234324
-4210122 (base 5) to base 12
-34204
3304140023 (base 5) to base 6
412055312
-121331023321 (base 4) to base 8
-31751371
4461124 (base 8) to base 13
332516
Convert 1336798 (base 14) to base 4.
203120231002
What is -4302260 (base 11) in base 16?
-738b8f
Convert -e415 (base 15) to base 10.
-48170
Convert -11200121221 (base 3) to base 14.
-258d9
-73299 (base 15) to base 4
-1121020212
What is 111622d (base 14) in base 2?
11110111111000100110001
What is 14201102 (base 7) in base 13?
3766b2
What is -417635 (base 9) in base 5?
-30422003
What is 306427 (base 10) in base 9?
516304
21101220210211 (base 3) to base 14
746078
17aba5 (base 12) to base 11
262300
Convert -22213020031 (base 4) to base 5.
-1203003314
-5410d4 (base 14) to base 16
-2b6c12
What is 5c5ccd (base 14) in base 16?
30509d
What is 53112 (base 14) in base 9?
335054
-1531415 (base 6) to base 15
-1b915
What is -1750 (base 10) in base 16?
-6d6
What is 946960 (base 11) in base 6?
52303524
-109503 (base 16) to base 10
-1086723
Convert -a8a3c (base 15) to base 11.
-336410
Convert -230435550 (base 6) to base 8.
-20120072
Convert -20535264 (base 8) to base 12.
-156a930
2003235 (base 7) to base 9
400313
What is 1211021202022 (base 3) in base 7?
11150222
What is -220211200020220 (base 3) in base 7?
-220130433
Convert 1220841 (base 9) to base 13.
1a2c18
100241304 (base 5) to base 12
1732a3
-10011101100010001111 (base 2) to base 11
-400883
-1000011000011100011101 (base 2) to base 6
-115032325
88511 (base 11) to base 7
1043216
What is -226873 (base 13) in base 3?
-1112101001121
Convert 19cd2 (base 14) to base 2.
10000000001110000
What is -242756 (base 9) in ba